lculate the remainder when p is divided by r.
11
Suppose -2*h = -3*d - 156, -5*h + 3*d - 8*d + 390 = 0. What is the remainder when 155 is divided by h?
77
Let x = -1 - 8. Let b = 2 - x. Calculate the remainder when 42 is divided by b.
9
Let f(m) = 99*m - 362. What is the remainder when f(6) is divided by 39?
37
Suppose -2*h + 0*h = 3*a - 292, -3*h = -6. What is the remainder when a is divided by 11?
8
Let v = -247 + 368. Let o = v + -62. What is the remainder when o is divided by 7?
3
Let x = -22 + 26. Suppose 2*s = -0*h + h - 19, -28 = -x*h - 4*s. Calculate the remainder when (-4)/(-10) + (-426)/(-10) is divided by h.
10
Let m = -201 - -214. Calculate the remainder when 189 is divided by m.
7
Let i(f) = 43 + 2 + f**3 + 26. What is the remainder when i(0) is divided by 25?
21
Let r = 60 + -26. Calculate the remainder when 134 is divided by r.
32
Let n = -82 + 146. Suppose -4*u + 48 = -n. What is the remainder when u is divided by 9?
1
Suppose 2*w + 63 = 61. Let h(o) = -22*o**3 + o**2 + 2*o. Calculate the remainder when 143 is divided by h(w).
17
Let g = -108 + 214. Let c(k) = -90*k - 432. What is the remainder when g is divided by c(-5)?
16
Suppose 0 = 3*p + 9*p - 756. Calculate the remainder when p is divided by 1 + 11 + (-1)/1.
8
Let o(h) = -2*h**3 - 6*h**2 + h + 1. Let q be o(-3). Calculate the remainder when 58 - q - (8 + -4) is divided by 32.
24
Suppose 0 = -11*a + 5*a + 168. Suppose 2*x + a = 9*x. What is the remainder when ((-34)/4)/(1/(-2)) is divided by x?
1
Let v = 13 - 14. Let k be v + (-1 - -4) - -3. Suppose 4*u - 4*m - 228 = 0, -m = -u + k*u - 213. What is the remainder when u is divided by 14?
12
Let u(z) = -15*z + 7. Suppose o + 48 = 2*o. Suppose 0 = 3*j - 4*n - 58, 29 + o = 4*j - 5*n. What is the remainder when u(-3) is divided by j?
16
Suppose 2*l - 5*q - 114 = -4*q, 4*q = 5*l - 291. What is the remainder when l is divided by 37?
18
Let s = -20 + 193. Let q = -160 + s. Calculate the remainder when q is divided by 5.
3
Let u be (-1)/(4/12*-1). Suppose 0 = -u*f + 2*w + 30, 3*f - w = -2*w + 30. Suppose -a + m + 14 = -7, -f = 2*m. What is the remainder when 30 is divided by a?
14
Let x = 8 - -3. Suppose -60 = -x*n + 6*n. Calculate the remainder when 35 is divided by n.
11
What is the remainder when 1 - -3 - (-172 + -127) is divided by 65?
43
Let k = 87 - 64. What is the remainder when k is divided by -4 - (-6*3 + 1)?
10
Suppose 13*h - 15*h + 60 = 0. Let n(d) = 2*d. Let o be n(-1). What is the remainder when 2230/h - o/3 is divided by 19?
18
Suppose 11 - 10 = -x. Let d(q) = 31*q**2 - 1. Let f be d(x). Suppose 11*l - f = 6*l. Calculate the remainder when 11 is divided by l.
5
Suppose 0 = -7*c - 7 - 0. What is the remainder when 94 is divided by c/((1/(-4))/(57/12))?
18
Suppose 457*v - 454*v - a - 317 = 0, 210 = 2*v - a. What is the remainder when 641 is divided by v?
106
Suppose 0 = 3*u - 5*z - 33, 2*u + 2*z - 3 - 19 = 0. Let o = 16 - u. Suppose 0 = 4*x + 7 + 5, -3*r - 3*x = -33. What is the remainder when r is divided by o?
4
Suppose -9*y = -7*y - s - 10, 3*y - 20 = -s. Calculate the remainder when 13 is divided by y.
1
Let a = 629 - 591. Calculate the remainder when a is divided by 14.
10
Let p = 346 - 301. What is the remainder when 354 is divided by p?
39
Suppose 294 = 2*h - 3*p - p, -2*h = 5*p - 258. Suppose 3*u - 3*l - 2*l = 105, -5*l = 0. What is the remainder when h is divided by u?
34
What is the remainder when (5 - -44 - 8/2) + 2 is divided by 20?
7
Let h = 5 - -6. Let r be 6/10 + (27/5 - -1). Let x = r + 36. What is the remainder when x is divided by h?
10
What is the remainder when 119 + (-10)/20*6 is divided by 35?
11
Let n(y) = y**2 + 3*y - 20. Suppose w = -4*t + 5 - 0, -w + 2*t = -35. What is the remainder when n(9) is divided by w?
13
Suppose 0*m + 2*m = 2. Let o be ((-18)/2)/(-3) - 0. Let j = 0 + o. What is the remainder when j is divided by m?
0
Suppose 363 = -5*w + 863. Suppose 0 = -4*v + 236 + w. What is the remainder when v is divided by 29?
26
Calculate the remainder when ((-480)/88)/(-10) + 11384/22 is divided by 52.
50
Let p(h) = 9*h**2 - 2*h - 2. Suppose 3*w - 6*q + 8*q = 58, -4*q = -w - 4. What is the remainder when p(2) is divided by w?
14
Let v(o) = o**2 - 4*o - 15. Calculate the remainder when 33 is divided by v(-5).
3
Suppose -4 + 1 = b. Let k = 3 + b. Suppose -2*o + k*o + 48 = 0. What is the remainder when o is divided by 13?
11
Let m(t) = t**3 - 24*t**2 + 75*t + 17. Calculate the remainder when m(22) is divided by 26.
23
Suppose 6*c = -9*n + 13*n + 90, -55 = -4*c + n. Suppose -12 = -0*j - 3*j. Suppose j*x = -x + 115. What is the remainder when x is divided by c?
10
Let d be 6/27 - 122/(-18). Let f = 14 - d. Let v = 30 - 18. What is the remainder when v is divided by f?
5
Suppose -x + 2*x = -84. Let i = x - -190. Suppose 0 = -5*g + h + i, -3*g - 2*h + 61 = -0*g. What is the remainder when g is divided by 6?
3
Let s(y) = -y**3 - 2*y**2 + y - 6. Let j be s(-3). Suppose -5*z + 61 - 21 = j. Calculate the remainder when 15 is divided by ((-6)/(-9))/(z/108).
6
Suppose 1681 = -5*q + 2031. Calculate the remainder when 1679 is divided by q.
69
Suppose -1 = 3*y - m + 6*m, -m + 7 = 3*y. What is the remainder when 13 is divided by 8/3 + ((-5)/y - -2)?
1
Let d = -574 - -261. Let l = d - -485. Calculate the remainder when l is divided by 29.
27
Let a be 3/(-9)*(-1 + -38). Let f = a + -1. Calculate the remainder when 47 is divided by f.
11
Let y be (-18)/(-4)*16/12. Suppose -y*c - 290 = -16*c. Calculate the remainder when 85 is divided by c.
27
Let l(m) = m**2 + 3*m + 3. Let b(f) = -f**3 + 3*f**2 + 65*f + 114. What is the remainder when b(-6) is divided by l(-4)?
6
Calculate the remainder when 349 is divided by (-13*(-2 + 1))/((-3)/(-9)).
37
Suppose -3*l + 51 + 75 = 0. Calculate the remainder when l is divided by 9.
6
Calculate the remainder when 2/(-5)*1/(5/(-500)) is divided by 33.
7
Let n = -4 + 2. Let v = n - -12. Suppose -v = -2*m + m. Calculate the remainder when 28 is divided by m.
8
Suppose j = -16 - 19. Let a = -19 - -29. What is the remainder when a is divided by (-154)/j + -3*2/15?
2
Let y(g) = -g + 103. Calculate the remainder when 139 is divided by y(21).
57
Let l = 13 + 29. Suppose 0*q - 832 = -5*v - 3*q, 5*v = -4*q + 831. What is the remainder when v is divided by l?
41
Suppose -21*d - d = -638. What is the remainder when 78 is divided by d?
20
Let l = 83 + -34. Let w = l - 34. Calculate the remainder when 23 is divided by w.
8
Let s(z) = 6*z - 24. Calculate the remainder when 154 is divided by s(6).
10
Let a = 453 + -446. What is the remainder when 123 is divided by a?
4
Let y be (-1 - (-3 - 1)) + -2. Let g = y - -18. Let t = -5 + g. What is the remainder when 27 is divided by t?
13
Suppose -17*s = -47*s + 1320. Calculate the remainder when s is divided by 32.
12
Let q = 555 + -551. What is the remainder when 26 is divided by q?
2
Calculate the remainder when 284 is divided by ((-33562)/(-865))/((-4)/(-10)).
90
Suppose -c - 3*n + 5 = 0, -c + 20 = -5*n + 7. What is the remainder when 66 is divided by c?
2
Suppose 4*k + 315 = 9*k. Let g(p) = -5*p**3 + p**2 + p + 1. Let r be g(-1). Suppose r*y = -48 + 180. What is the remainder when k is divided by y?
19
Calculate the remainder when -4 - (-6 - -5) - -82 is divided by 75.
4
Suppose 0 = -0*l + 4*l - 88. Calculate the remainder when 232 is divided by l.
12
Let z(c) = -26*c - 2. Let m be z(-1). Let w = -9 + m. What is the remainder when 58 is divided by w?
13
Let v(g) = g + 4*g - 4*g**3 + 5 + 0 + 2*g**2. Calculate the remainder when 69 is divided by v(-2).
34
Suppose 0 = -4*f - 4*h, -f = -2*f + 3*h + 16. Suppose -4*y = l - 4*l + 22, -4*l + 4 = y. Calculate the remainder when f is divided by l.
0
Let w(s) = -s**2 - 12*s - 15. Let o be w(-10). Suppose -4*y = y + r - 115, -3*y + o*r + 97 = 0. Let v = 47 - -22. What is the remainder when v is divided by y?
21
Suppose -2*f + f = 0. Suppose 2*s + f*s - 3*y - 9 = 0, -5*s = -4*y - 33. Suppose 5*u - 16 = s. What is the remainder when 17 is divided by u?
2
Let o = -199 - -303. What is the remainder when o is divided by 15?
14
Let r = -471 + 635. What is the remainder when r is divided by 55?
54
Let a be (-1 - 4/(2/1)) + -27. Calculate the remainder when (-5)/a + (0 - (-65)/6) is divided by (0 - 2)/((-5)/20).
3
Le